799 a composite number?
False
Is 17512800661 composite?
True
Is 1311958499 a prime number?
True
Is 83949769583 prime?
False
Is 133564777 prime?
True
Is 256959721 a composite number?
True
Is 5823975523 a prime number?
True
Is 206142023 a composite number?
False
Is 7951142113 a prime number?
False
Is 88430574671 a composite number?
True
Is 38929907 a prime number?
True
Is 24139278742 a composite number?
True
Is 981845167 composite?
False
Is 32978250559 prime?
True
Is 45063503 composite?
False
Is 18513194278 prime?
False
Is 9895022549 a prime number?
True
Is 4500548153 a prime number?
True
Is 94252798119 a composite number?
True
Is 16826619361 a composite number?
False
Is 1083887009 prime?
True
Is 4272392921 a prime number?
True
Is 28877869369 prime?
True
Is 6387956387 composite?
True
Is 3225295903 composite?
False
Is 26476681943 a prime number?
False
Is 2939383297 a prime number?
True
Is 406118429 composite?
True
Is 389620951 a composite number?
False
Is 1708303049 a composite number?
True
Is 1612501027 prime?
True
Is 26116721773 a composite number?
True
Is 8882137337 prime?
False
Is 218398571 a prime number?
False
Is 490349401 a composite number?
True
Is 124698953623 composite?
False
Is 114631915691 prime?
False
Is 483784391 a composite number?
True
Is 306814121 a prime number?
True
Is 654201049 a composite number?
True
Is 6540578113 a composite number?
True
Is 1460507509 prime?
True
Is 105170639 a prime number?
False
Is 6851366359 composite?
False
Is 4998926 composite?
True
Is 15275855449 a prime number?
True
Is 39489888133 a composite number?
False
Is 939006259 prime?
False
Is 1172046021 prime?
False
Is 22284873701 composite?
True
Is 2865672461 a prime number?
True
Is 25481127961 a prime number?
False
Is 190806937 composite?
True
Is 394704971 a prime number?
False
Is 23127385013 a composite number?
False
Is 21312565273 composite?
False
Is 350961269 composite?
False
Is 2906842657 a composite number?
False
Is 3893577361 composite?
False
Is 39437406653 prime?
False
Is 50894957741 a composite number?
True
Is 71926421653 a composite number?
False
Is 23175523633 a composite number?
False
Is 233956237 prime?
True
Is 1512701417 a composite number?
False
Is 45562359521 a composite number?
True
Is 13466184889 composite?
True
Is 854541087 prime?
False
Is 119974313 prime?
False
Is 863891653 composite?
False
Is 10773438749 a composite number?
False
Is 22584225589 prime?
False
Is 672821687 a prime number?
True
Is 1313755697 a composite number?
True
Is 3930891907 a prime number?
True
Is 88086343867 a composite number?
True
Is 640912583 a prime number?
False
Is 6084274579 composite?
True
Is 598019363 a composite number?
True
Is 2183539133 a prime number?
False
Is 531505577 a composite number?
False
Is 13615741277 prime?
True
Is 3111917287 composite?
True
Is 632327117 a composite number?
True
Is 37866343843 a composite number?
False
Is 6851265173 prime?
False
Is 1024886869 a prime number?
False
Is 5454050219 prime?
True
Is 152963219 a prime number?
True
Is 93656263381 composite?
False
Is 276154237 a composite number?
True
Is 13857669365 a prime number?
False
Is 2101169179 a composite number?
True
Is 23537939 a composite number?
False
Is 2930402711 prime?
True
Is 1209855853 composite?
False
Is 1707839209 a composite number?
True
Is 3262635473 a prime number?
False
Is 3401872813 a composite number?
True
Is 3709650253 composite?
True
Is 799938267 a composite number?
True
Is 225929549 a prime number?
True
Is 4541032993 a prime number?
False
Is 1729978297 prime?
True
Is 30226669391 composite?
True
Is 1966102291 a composite number?
False
Is 24034279303 a composite number?
True
Is 3383326457 composite?
True
Is 506154967 composite?
False
Is 4375638391 prime?
True
Is 584040383 a prime number?
True
Is 1073887817 a prime number?
True
Is 8193941183 a composite number?
False
Is 3062666599 a prime number?
False
Is 4953181351 a composite number?
False
Is 73900369555 composite?
True
Is 411392983 composite?
True
Is 1797291443 a prime number?
False
Is 16586881391 composite?
False
Is 1096628307 composite?
True
Is 6416143102 a prime number?
False
Is 68450339 prime?
False
Is 424036013 composite?
False
Is 90511115467 a prime number?
True
Is 807181741 a composite number?
False
Is 33828547 a composite number?
False
Is 1347898723 composite?
False
Is 132348089 a composite number?
False
Is 200075149253 a composite number?
True
Is 424443833 composite?
True
Is 250559681765 composite?
True
Is 4237627351 prime?
False
Is 27832452017 a prime number?
False
Is 3097006457 prime?
True
Is 1414264637 composite?
True
Is 18440322209 a composite number?
True
Is 19634516123 a composite number?
False
Is 3644191973 a prime number?
True
Is 3699363001 composite?
False
Is 4746123547 composite?
True
Is 4494864203 a composite number?
False
Is 110895569 composite?
False
Is 287178557 a composite number?
False
Is 1547007383 prime?
False
Is 2402237209 prime?
True
Is 5823948283 a prime number?
False
Is 25960417927 prime?
True
Is 32976220957 prime?
True
Is 13502902865 a composite number?
True
Is 2962173761 a prime number?
False
Is 1261985227 a prime number?
False
Is 1736314109 composite?
False
Is 360344531 a composite number?
True
Is 4794607243 composite?
False
Is 2453428213 a prime number?
False
Is 26604029117 a composite number?
True
Is 1931914409 a composite number?
False
Is 9023836219 composite?
True
Is 25838289929 a composite number?
True
Is 27513731249 prime?
False
Is 13235312249 prime?
False
Is 1958288503 a prime number?
True
Is 318963371 composite?
True
Is 35554069493 prime?
True
Is 14431056097 prime?
True
Is 374712439 prime?
True
Is 2357725891 prime?
False
Is 3776826787 prime?
True
Is 68482471 prime?
True
Is 55894980619 composite?
False
Is 1018095073 prime?
False
Is 88613828663 a composite number?
False
Is 1796779199 a composite number?
False
Is 12228088261 a prime number?
True
Is 1269698587 a composite number?
False
Is 44320217743 a composite number?
True
Is 2205087589 composite?
False
Is 17277116621 a prime number?
True
Is 198802200319 a prime number?
False
Is 1761529849 composite?
True
Is 11043609527 a composite number?
False
Is 108482171 a prime number?
False
Is 438289001 a composite number?
False
Is 780853747 prime?
True
Is 43725392309 a composite number?
False
Is 69096531689 prime?
True
Is 6724507297 a prime number?
True
Is 116206584919 a composite number?
True
Is 141076201577 prime?
True
Is 2142028417 composite?
False
Is 77963993 a prime number?
True
Is 384679429 composite?
True
Is 6227763799 a composite number?
True
Is 484881451 composite?
False
Is 10217230651 a composite number?
True
Is 11497345141 prime?
False
Is 18771065701 composite?
False
Is 44668558303 a composite number?
False
Is 28999476749 composite?
True
Is 40172239145 a composite number?
True
Is 10627281983 prime?
False
Is 439146871 prime?
True
Is 306323507 composite?
True
Is 1029169459 composite?
True
Is 3172512089 a composite number?
False
Is 17949343613 a composite number?
True
Is 140755379 a prime number?
True
Is 21019646119 prime?
False
Is 13755148223 prime?
True
Is 820136839 a prime number?
False
Is 12615786517 composite?
True
Is 341907689 composite?
True
Is 7020274967 a composite number?
True
Is 348153063 composite?
True
Is 676607809 prime?
True
Is 12156370111 a prime number?
False
Is 87611862419 a prime number?
True
Is 40289874221 a composite number?
False
Is 8827600499 prime?
False
Is 3222820763 a composite number?
True
Is 288894457 composite?
True
Is 1618659307 a composite number?
True
Is 3465299857 a composite number?
True
Is 633406729 a composite number?
True
Is 204363233 prime?
True
Is 125453180471 prime?
True
Is 53941878227 prime?
True
Is 689417143 composite?
False
Is 5767267321 a composite number?
True
Is 10770650873 composite?
False
Is 18193509421 prime?
False
Is 2202308527 prime?
False
Is 10339831819 a composite number?
False
Is 6293788993 a prime number?
False
Is 598618889 a prime number?
False
Is 487314703 a composite number?
False
Is 1649380297 prime?
False
Is 18553898431 composite?
False
Is 939711493 composite?
True
Is 64133484631 a prime number?
False
Is 7114790671 prime?
True
Is 23652883 prime?
False
Is 1519090597 composite?
False
Is 60299163527 prime?
True
Is 8425963433 a composite number?
False
Is 425277215